culate the remainder when 556 is divided by 194.
168
What is the remainder when 502 is divided by 36?
34
Calculate the remainder when 36 is divided by 4.
0
Calculate the remainder when 628 is divided by 123.
13
What is the remainder when 468 is divided by 57?
12
What is the remainder when 326 is divided by 82?
80
Calculate the remainder when 148 is divided by 97.
51
What is the remainder when 461 is divided by 69?
47
Calculate the remainder when 101 is divided by 1.
0
What is the remainder when 317 is divided by 112?
93
Calculate the remainder when 56 is divided by 12.
8
Calculate the remainder when 337 is divided by 85.
82
What is the remainder when 472 is divided by 19?
16
What is the remainder when 124 is divided by 22?
14
Calculate the remainder when 2788 is divided by 10.
8
What is the remainder when 477 is divided by 41?
26
What is the remainder when 520 is divided by 114?
64
What is the remainder when 992 is divided by 74?
30
What is the remainder when 37630 is divided by 16?
14
What is the remainder when 221 is divided by 32?
29
What is the remainder when 116 is divided by 25?
16
Calculate the remainder when 1413 is divided by 12.
9
Calculate the remainder when 200 is divided by 195.
5
Calculate the remainder when 1534 is divided by 4.
2
Calculate the remainder when 217 is divided by 29.
14
Calculate the remainder when 166 is divided by 11.
1
What is the remainder when 2651 is divided by 188?
19
Calculate the remainder when 2287 is divided by 22.
21
Calculate the remainder when 202 is divided by 35.
27
What is the remainder when 264 is divided by 25?
14
Calculate the remainder when 282 is divided by 60.
42
Calculate the remainder when 144 is divided by 41.
21
Calculate the remainder when 858 is divided by 86.
84
What is the remainder when 85 is divided by 56?
29
What is the remainder when 82 is divided by 21?
19
Calculate the remainder when 513 is divided by 87.
78
Calculate the remainder when 7985 is divided by 6.
5
What is the remainder when 335 is divided by 8?
7
Calculate the remainder when 89 is divided by 25.
14
Calculate the remainder when 174 is divided by 13.
5
What is the remainder when 255 is divided by 155?
100
Calculate the remainder when 921 is divided by 28.
25
What is the remainder when 44 is divided by 12?
8
What is the remainder when 20195 is divided by 44?
43
What is the remainder when 71 is divided by 28?
15
What is the remainder when 10104 is divided by 43?
42
Calculate the remainder when 547 is divided by 232.
83
Calculate the remainder when 108 is divided by 74.
34
Calculate the remainder when 2442 is divided by 35.
27
What is the remainder when 167 is divided by 69?
29
Calculate the remainder when 473 is divided by 156.
5
What is the remainder when 10521 is divided by 29?
23
What is the remainder when 132 is divided by 36?
24
Calculate the remainder when 391 is divided by 212.
179
Calculate the remainder when 1076 is divided by 215.
1
What is the remainder when 301 is divided by 16?
13
What is the remainder when 1750 is divided by 12?
10
Calculate the remainder when 130 is divided by 56.
18
What is the remainder when 28 is divided by 17?
11
What is the remainder when 2349 is divided by 10?
9
What is the remainder when 843 is divided by 30?
3
What is the remainder when 324 is divided by 111?
102
Calculate the remainder when 1347 is divided by 29.
13
Calculate the remainder when 43 is divided by 11.
10
What is the remainder when 1437 is divided by 36?
33
Calculate the remainder when 53 is divided by 50.
3
What is the remainder when 176 is divided by 60?
56
Calculate the remainder when 192 is divided by 49.
45
Calculate the remainder when 128 is divided by 77.
51
Calculate the remainder when 29294 is divided by 16.
14
Calculate the remainder when 146 is divided by 77.
69
What is the remainder when 55 is divided by 49?
6
What is the remainder when 1259 is divided by 70?
69
What is the remainder when 269 is divided by 45?
44
What is the remainder when 47 is divided by 8?
7
Calculate the remainder when 38 is divided by 9.
2
Calculate the remainder when 54 is divided by 16.
6
Calculate the remainder when 90 is divided by 4.
2
Calculate the remainder when 118 is divided by 24.
22
What is the remainder when 2171 is divided by 91?
78
Calculate the remainder when 6068 is divided by 2022.
2
What is the remainder when 1940 is divided by 20?
0
What is the remainder when 7119 is divided by 178?
177
Calculate the remainder when 7852 is divided by 34.
32
Calculate the remainder when 92 is divided by 29.
5
What is the remainder when 1003 is divided by 144?
139
What is the remainder when 83 is divided by 30?
23
What is the remainder when 97 is divided by 26?
19
What is the remainder when 2139 is divided by 131?
43
Calculate the remainder when 919 is divided by 20.
19
Calculate the remainder when 380 is divided by 140.
100
Calculate the remainder when 54 is divided by 22.
10
What is the remainder when 188 is divided by 27?
26
What is the remainder when 4635 is divided by 23?
12
Calculate the remainder when 225 is divided by 60.
45
What is the remainder when 441 is divided by 66?
45
Calculate the remainder when 174 is divided by 85.
4
What is the remainder when 357 is divided by 72?
69
Calculate the remainder when 73 is divided by 13.
8
What is the remainder when 46 is divided by 15?
1
Calculate the remainder when 161 is divided by 59.
43
Calculate the remainder when 485 is divided by 139.
68
What is the remainder when 205 is divided by 9?
7
Calculate the remainder when 13155 is divided by 44.
43
What is the remainder when 3556 is divided by 1177?
25
Calculate the remainder when 342 is divided by 18.
0
Calculate the remainder when 808 is divided by 99.
16
What is the remainder when 719 is divided by 45?
44
Calculate the remainder when 50 is divided by 34.
16
Calculate the remainder when 413 is divided by 13.
10
What is the remainder when 334 is divided by 31?
24
What is the remainder when 2196 is divided by 276?
264
What is the remainder when 1104 is divided by 85?
84
What is the remainder when 1234 is divided by 255?
214
Calculate the remainder when 3453 is divided by 9.
6
What is the remainder when 96 is divided by 40?
16
What is the remainder when 475 is divided by 17?
16
Calculate the remainder when 32 is divided by 17.
15
Calculate the remainder when 320 is divided by 66.
56
Calculate the remainder when 1021 is divided by 33.
31
What is the remainder when 17282 is divided by 129?
125
What is the remainder when 2748 is divided by 19?
12
Calculate the remainder when 942 is divided by 28.
18
Calculate the remainder when 107 is divided by 18.
17
What is the remainder when 814 is divided by 43?
40
Calculate the remainder when 60 is divided by 49.
11
Calculate the remainder when 1237 is divided by 40.
37
What is the remainder when 411 is divided by 136?
3
Calculate the remainder when 3957 is divided by 120.
117
What is the remainder when 511 is divided by 420?
91
What is the remainder when 2535 is divided by 8?
7
Calculate the remainder when 4797 is divided by 120.
117
What is the remainder when 231 is divided by 60?
51
Calculate the remainder when 1383 is divided by 310.
143
What is the remainder when 83 is divided by 12?
11
Calculate the remainder when 822 is divided by 76.
62
What is the remainder when 811 is divided by 48?
43
Calculate the remainder when 164 is divided by 92.
72
What is the remainder when 12 is divided by 5?
2
Calculate the remainder when 646 is divided by 65.
61
Calculate the remainder when 1386 is divided by 236.
206
Calculate the remainder when 6974 is divided by 109.
107
What is the remainder when 198 is divided by 43?
26
What is the remainder when 620 is divided by 52?
48
What is the remainder when 7237 is divided by 40?
37
What is the remainder when 4256 is divided by 20?
16
Calculate the remainder when 674 is divided by 85.
79
What is the remainder when 125 is divided by 39?
8
What is the remainder when 474 is divided by 104?
58
Calculate the remainder when 87 is divided by 30.
27
What is the remainder when 181 is divided by 38?
29
What is the remainder when 785 is divided by 132?
125
Calculate the remainder when 187 is divided by 57.
16
What is the remainder when 22 is divided by 8?
6
Calculate the r